What is the units digit of 41933?
3
What is the hundred thousands digit of 5597735?
5
What is the ten thousands digit of 922107?
2
What is the millions digit of 1613668?
1
What is the tens digit of 3862682?
8
What is the tens digit of 328445?
4
What is the units digit of 984466?
6
What is the thousands digit of 31437289?
7
What is the hundred thousands digit of 855809?
8
What is the thousands digit of 83928?
3
What is the hundreds digit of 462824?
8
What is the thousands digit of 2941529?
1
What is the thousands digit of 54905?
4
What is the thousands digit of 203274?
3
What is the millions digit of 10120272?
0
What is the tens digit of 2768081?
8
What is the units digit of 41272?
2
What is the hundred thousands digit of 15934107?
9
What is the millions digit of 1031649?
1
What is the units digit of 523423?
3
What is the hundred thousands digit of 584032?
5
What is the hundreds digit of 23211015?
0
What is the tens digit of 4822065?
6
What is the units digit of 5484177?
7
What is the thousands digit of 2695724?
5
What is the ten thousands digit of 523629?
2
What is the hundred thousands digit of 522309?
5
What is the hundreds digit of 2754521?
5
What is the millions digit of 19288993?
9
What is the hundreds digit of 6560325?
3
What is the hundreds digit of 7593582?
5
What is the units digit of 85693?
3
What is the units digit of 9618858?
8
What is the thousands digit of 231354?
1
What is the thousands digit of 13769133?
9
What is the hundreds digit of 222586?
5
What is the hundreds digit of 3772321?
3
What is the tens digit of 7730946?
4
What is the hundreds digit of 99730?
7
What is the millions digit of 14393745?
4
What is the hundreds digit of 4335893?
8
What is the units digit of 2297371?
1
What is the ten thousands digit of 826845?
2
What is the hundreds digit of 942954?
9
What is the tens digit of 633897?
9
What is the units digit of 3620819?
9
What is the millions digit of 8889904?
8
What is the hundreds digit of 9941347?
3
What is the ten thousands digit of 1409991?
0
What is the units digit of 263625?
5
What is the millions digit of 9324422?
9
What is the hundred thousands digit of 1163891?
1
What is the hundreds digit of 274115?
1
What is the units digit of 239905?
5
What is the hundreds digit of 2617122?
1
What is the thousands digit of 13787?
3
What is the thousands digit of 491680?
1
What is the ten thousands digit of 862607?
6
What is the ten thousands digit of 227441?
2
What is the ten thousands digit of 22713795?
1
What is the hundreds digit of 201297?
2
What is the hundred thousands digit of 1441493?
4
What is the ten thousands digit of 347521?
4
What is the thousands digit of 133458?
3
What is the units digit of 1714?
4
What is the hundred thousands digit of 3702343?
7
What is the millions digit of 42783699?
2
What is the hundred thousands digit of 429844?
4
What is the ten thousands digit of 247327?
4
What is the hundred thousands digit of 854898?
8
What is the tens digit of 3362116?
1
What is the hundreds digit of 920825?
8
What is the hundreds digit of 537321?
3
What is the hundred thousands digit of 126603?
1
What is the millions digit of 1389973?
1
What is the units digit of 11840645?
5
What is the hundreds digit of 599951?
9
What is the hundred thousands digit of 989639?
9
What is the hundred thousands digit of 727104?
7
What is the tens digit of 10003?
0
What is the units digit of 84388?
8
What is the hundred thousands digit of 420119?
4
What is the tens digit of 12320?
2
What is the ten thousands digit of 3014527?
1
What is the ten millions digit of 26789636?
2
What is the millions digit of 1809502?
1
What is the millions digit of 6286268?
6
What is the units digit of 4188240?
0
What is the millions digit of 2051485?
2
What is the tens digit of 271854?
5
What is the hundreds digit of 27437557?
5
What is the hundreds digit of 213838?
8
What is the units digit of 352509?
9
What is the millions digit of 2927606?
2
What is the millions digit of 23749367?
3
What is the hundred thousands digit of 1464120?
4
What is the tens digit of 256200?
0
What is the millions digit of 15478211?
5
What is the millions digit of 2717820?
2
What is the tens digit of 8700758?
5
What is the thousands digit of 234140?
4
What is the hundred thousands digit of 300814?
3
What is the tens digit of 134263?
6
What is the units digit of 6394163?
3
What is the hundred thousands digit of 1272121?
2
What is the ten thousands digit of 91245?
9
What is the thousands digit of 26298?
6
What is the units digit of 2653278?
8
What is the units digit of 209978?
8
What is the hundred thousands digit of 27814603?
8
What is the units digit of 1617878?
8
What is the ten thousands digit of 319515?
1
What is the tens digit of 5486688?
8
What is the hundreds digit of 3580148?
1
What is the hundreds digit of 3326435?
4
What is the hundred thousands digit of 21919410?
9
What is the hundred thousands digit of 633823?
6
What is the units digit of 5465488?
8
What is the tens digit of 1084858?
5
What is the thousands digit of 285253?
5
What is the tens digit of 143256?
5
What is the millions digit of 2232087?
2
What is the units digit of 883869?
9
What is the thousands digit of 983066?
3
What is the thousands digit of 1290200?
0
What is the hundreds digit of 18753625?
6
What is the thousands digit of 390780?
0
What is the thousands digit of 733516?
3
What is the hundred thousands digit of 1994535?
9
What is the thousands digit of 51866?
1
What is the units digit of 8964549?
9
What is the tens digit of 303620?
2
What is the ten thousands digit of 412771?
1
What is the ten millions digit of 40217826?
4
What is the units digit of 625671?
1
What is the ten thousands digit of 227986?
2
What is the hundreds digit of 42540?
5
What is the hundred thousands digit of 431913?
4
What is the ten millions digit of 24501546?
2
What is the millions digit of 17671631?
7
What is the tens digit of 869171?
7
What is the hundred thousands digit of 461457?
4
What is the tens digit of 280940?
4
What is the thousands digit of 247286?
7
What is the ten thousands digit of 1443766?
4
What is the hundred thousands digit of 2584027?
5
What is the thousands digit of 2918191?
8
What is the ten thousands digit of 5612878?
1
What is the thousands digit of 595692?
5
What is the ten thousands digit of 497488?
9
What is the hundred thousands digit of 385848?
3
What is the units digit of 551022?
2
What is the hundred thousands digit of 450313?
4
What is the hundred thousands digit of 1191457?
1
What is the tens digit of 654322?
2
What is the hundred thousands digit of 873339?
8
What is the hundred thousands digit of 12268840?
2
What is the hundred thousands digit of 4704151?
7
What is the tens digit of 9600307?
0
What is the tens digit of 1240744?
4
What is the thousands digit of 4990974?
0
What is the units digit of 235870?
0
What is the tens digit of 34819806?
0
What is the ten thousands digit of 26234?
2
What is the thousands digit of 2051760?
1
What is the hundred thousands digit of 330771?
3
What is the tens digit of 104597?
9
What is the millions digit of 1165534?
1
What is the hundred thousands digit of 7628229?
6
What is the tens digit of 191580?
8
What is the thousands digit of 309288?
9
What is the hundred thousands digit of 491711?
4
What is the tens digit of 111679?
7
What is the hundred thousands digit of 20981896?
9
What is the hundred thousands digit of 4760872?
7
What is the units digit of 65558?
8
What is the units digit of 372073?
3
What is the millions digit of 13056449?
3
What is the ten millions digit of 15519976?
1
What is the tens digit of 1081267?
6
What is the hundred thousands digit of 2121890?
1
What is the millions digit of 15813152?
5
What is the ten thousands digit of 20779775?
7
What is the hundred thousands digit of 361492?
3
What is the ten thousands digit of 10103588?
0
What is the thousands digit of 1523903?
3
What is the hundred thousands digit of 1491151?
4
What is the units digit of 341918?
8
What is the ten thousands digit of 3570108?
7
What is the units digit of 1041307?
7
What is the millions digit of 5160274?
5
What is the units digit of 7485251?
1
What is the hundreds digit of 341292?
2
What is the ten thousands digit of 16326?
1
What is the hundred thousands dig